ors of 55972.
2, 7, 1999
What are the prime factors of 254?
2, 127
What are the prime factors of 26972?
2, 11, 613
List the prime factors of 4243.
4243
List the prime factors of 17356.
2, 4339
What are the prime factors of 3508?
2, 877
List the prime factors of 34004.
2, 8501
What are the prime factors of 4752?
2, 3, 11
What are the prime factors of 7041?
3, 2347
List the prime factors of 3472.
2, 7, 31
What are the prime factors of 2644?
2, 661
What are the prime factors of 13695?
3, 5, 11, 83
What are the prime factors of 51400?
2, 5, 257
List the prime factors of 60.
2, 3, 5
List the prime factors of 83392.
2, 1303
What are the prime factors of 22235?
5, 4447
What are the prime factors of 815?
5, 163
What are the prime factors of 137133?
3, 1693
What are the prime factors of 17551?
17551
List the prime factors of 3364.
2, 29
List the prime factors of 24399.
3, 2711
What are the prime factors of 12816?
2, 3, 89
List the prime factors of 3312.
2, 3, 23
What are the prime factors of 13201?
43, 307
What are the prime factors of 1495?
5, 13, 23
List the prime factors of 32731.
71, 461
What are the prime factors of 3637?
3637
What are the prime factors of 18546?
2, 3, 11, 281
What are the prime factors of 62428?
2, 15607
List the prime factors of 75338.
2, 139, 271
What are the prime factors of 12176?
2, 761
List the prime factors of 4220.
2, 5, 211
What are the prime factors of 78526?
2, 7, 71, 79
What are the prime factors of 11913?
3, 11, 19
List the prime factors of 595.
5, 7, 17
List the prime factors of 78261.
3, 19, 1373
What are the prime factors of 2206?
2, 1103
What are the prime factors of 15755?
5, 23, 137
What are the prime factors of 1117?
1117
What are the prime factors of 16738?
2, 8369
What are the prime factors of 1070?
2, 5, 107
What are the prime factors of 4681?
31, 151
What are the prime factors of 81791?
89, 919
What are the prime factors of 2682?
2, 3, 149
What are the prime factors of 122442?
2, 3, 20407
What are the prime factors of 2302?
2, 1151
What are the prime factors of 46738?
2, 23369
What are the prime factors of 10041?
3, 3347
List the prime factors of 36529.
36529
What are the prime factors of 689?
13, 53
What are the prime factors of 1406?
2, 19, 37
List the prime factors of 15313.
15313
List the prime factors of 4056.
2, 3, 13
List the prime factors of 28696.
2, 17, 211
List the prime factors of 71.
71
What are the prime factors of 63220?
2, 5, 29, 109
List the prime factors of 117.
3, 13
What are the prime factors of 889?
7, 127
What are the prime factors of 83704?
2, 10463
List the prime factors of 907.
907
What are the prime factors of 1088?
2, 17
List the prime factors of 123331.
13, 53, 179
List the prime factors of 548.
2, 137
What are the prime factors of 2836?
2, 709
What are the prime factors of 38?
2, 19
What are the prime factors of 10163?
10163
List the prime factors of 1121.
19, 59
List the prime factors of 687.
3, 229
List the prime factors of 29261.
29, 1009
List the prime factors of 1200.
2, 3, 5
List the prime factors of 17803.
19, 937
What are the prime factors of 9957?
3, 3319
List the prime factors of 13641.
3, 4547
What are the prime factors of 1555?
5, 311
List the prime factors of 1571.
1571
What are the prime factors of 9845?
5, 11, 179
What are the prime factors of 2863?
7, 409
What are the prime factors of 43158?
2, 3, 7193
List the prime factors of 4441.
4441
What are the prime factors of 11775?
3, 5, 157
List the prime factors of 16924.
2, 4231
What are the prime factors of 985?
5, 197
List the prime factors of 12548.
2, 3137
What are the prime factors of 1630?
2, 5, 163
What are the prime factors of 19584?
2, 3, 17
What are the prime factors of 5810?
2, 5, 7, 83
List the prime factors of 12151.
29, 419
List the prime factors of 8827.
7, 13, 97
What are the prime factors of 53485?
5, 19, 563
What are the prime factors of 1252?
2, 313
List the prime factors of 826.
2, 7, 59
List the prime factors of 1643.
31, 53
What are the prime factors of 25365?
3, 5, 19, 89
What are the prime factors of 2790?
2, 3, 5, 31
List the prime factors of 53769.
3, 17923
List the prime factors of 8872.
2, 1109
What are the prime factors of 39311?
19, 2069
What are the prime factors of 63173?
11, 5743
List the prime factors of 2405.
5, 13, 37
What are the prime factors of 6077?
59, 103
What are the prime factors of 2548?
2, 7, 13
What are the prime factors of 108?
2, 3
List the prime factors of 2387.
7, 11, 31
List the prime factors of 8715.
3, 5, 7, 83
List the prime factors of 63647.
63647
What are the prime factors of 4820?
2, 5, 241
List the prime factors of 343.
7
List the prime factors of 25437.
3, 61, 139
What are the prime factors of 514?
2, 257
What are the prime factors of 33355?
5, 7, 953
What are the prime factors of 2359?
7, 337
List the prime factors of 1411.
17, 83
What are the prime factors of 6396?
2, 3, 13, 41
What are the prime factors of 47?
47
What are the prime factors of 1058?
2, 23
List the prime factors of 1268.
2, 317
List the prime factors of 11678.
2, 5839
List the prime factors of 481.
13, 37
What are the prime factors of 915?
3, 5, 61
What are the prime factors of 352?
2, 11
List the prime factors of 6525.
3, 5, 29
List the prime factors of 1174.
2, 587
What are the prime factors of 815?
5, 163
List the prime factors of 24290.
2, 5, 7, 347
List the prime factors of 38428.
2, 13, 739
What are the prime factors of 13251?
3, 7, 631
List the prime factors of 13162.
2, 6581
List the prime factors of 1784.
2, 223
List the prime factors of 48808.
2, 6101
List the prime factors of 29.
29
List the prime factors of 8804.
2, 31, 71
List the prime factors of 21724.
2, 5431
List the prime factors of 766.
2, 383
What are the prime factors of 16223?
16223
List the prime factors of 4798.
2, 2399
List the prime factors of 135561.
3, 73, 619
What are the prime factors of 268?
2, 67
List the prime factors of 6675.
3, 5, 89
What are the prime factors of 1712?
2, 107
List the prime factors of 852.
2, 3, 71
List the prime factors of 8546.
2, 4273
List the prime factors of 28093.
13, 2161
What are the prime factors of 42704?
2, 17, 157
What are the prime factors of 81257?
11, 83, 89
List the prime factors of 4144.
2, 7, 37
List the prime factors of 31362.
2, 3, 5227
What are the prime factors of 361?
19
List the prime factors of 3335.
5, 23, 29
What are the prime factors of 13554?
2, 3, 251
List the prime factors of 82785.
3, 5, 5519
List the prime factors of 21134.
2, 10567
What are the prime factors of 6982?
2, 3491
What are the prime factors of 18159?
3, 6053
List the prime factors of 7433.
7433
What are the prime factors of 68?
2, 17
List the prime factors of 1146.
2, 3, 191
List the prime factors of 1409.
1409
What are the prime factors of 5082?
2, 3, 7, 11
List the prime factors of 2020.
2, 5, 101
What are the prime factors of 110422?
2, 13, 31, 137
What are the prime factors of 469?
7, 67
List the prime factors of 4859.
43, 113
What are the prime factors of 3998?
2, 1999
List the prime factors of 8111.
8111
What are the prime factors of 657?
3, 73
List the prime factors of 1094.
2, 547
List the prime factors of 19.
19
What are the prime factors of 3289?
11, 13, 23
List the prime factors of 6580.
2, 5, 7, 47
What are the prime factors of 15943?
107, 149
List the prime factors of 42630.
2, 3, 5, 7, 29
What are the prime factors of 60843?
3, 17, 1193
What are the prime factors of 348?
2, 3, 29
List the prime factors of 155.
5, 31
What are the prime factors of 4410?
2, 3, 5, 7
What are the prime factors of 25515?
3, 5, 7
What are the prime factors of 1164?
2, 3, 97
List the prime factors of 3813.
3, 31, 41
List the prime factors of 2262.
2, 3, 13, 29
What are the prime factors of 2991?
3, 997
What are the prime factors of 3754?
2, 1877
What are the prime factors of 2829?
3, 23, 41
List the prime factors of 92008.
2, 7, 31, 53
List the prime factors of 2046.
2, 3, 11, 31
What are the prime factors of 207?
3, 23
List the prime factors of 32302.
2, 31, 521
List the prime factors of 32524.
2, 47, 173
List the prime factors of 1463.
7, 11, 19
List the prime factors of 1101.
3, 367
What are the prime factors of 14696?
2, 11, 167
List the prime factors of 75209.
75209
What are the prime factors of